 + 6*d**2 + d + 7. Calculate u(-3).
-23
Let j(k) = 57*k**2 + 7*k + 6. Determine j(-1).
56
Let v(d) = -d**3 + 10*d**2 - 5*d - 3. What is v(8)?
85
Let t(d) = -d**3 + 18*d**2 - 16*d - 30. Calculate t(17).
-13
Let l(r) = 2*r + 32. Calculate l(12).
56
Let o(s) = s + 26. Give o(0).
26
Let y(d) = -d**2 - 35*d - 119. What is y(-30)?
31
Let m(u) = -62*u + 130. Give m(2).
6
Let x(p) = 17*p - 50. What is x(3)?
1
Let s(u) = 3*u + 10. Give s(-5).
-5
Let f(l) = 4*l**2 - 7*l - 17. What is f(-2)?
13
Let u(y) = -y**3 + y**2 - 2*y + 3. Calculate u(4).
-53
Let o(p) = p**2 + p + 6. Give o(-5).
26
Let q(j) = j**2 - 6*j - 5. Determine q(5).
-10
Let a(m) = m**2 - m. Give a(-3).
12
Let v(z) = z**3 - 6*z**2 + z + 17. Give v(5).
-3
Let i(b) = -12*b - 66. What is i(-10)?
54
Let d(m) = m**3 - 4*m**2 + 3*m + 10. What is d(3)?
10
Let w(r) = -r**3 + 3*r**2 - 2*r - 1. Calculate w(2).
-1
Let d(i) = -i**2 + 5*i + 6. Calculate d(-2).
-8
Let r(u) = 67*u + 1. Determine r(1).
68
Let p(x) = x**2 - 18*x - 24. What is p(19)?
-5
Let m(t) = -t**3 + 25*t**2 - t + 1. What is m(25)?
-24
Let g(r) = -r**3 - 6*r**2 - 4*r - 24. Give g(-6).
0
Let u(c) = c**3 - 6*c**2 + 6*c - 2. Determine u(4).
-10
Let l(j) = j**3 - 10*j**2 - 8*j + 14. Determine l(10).
-66
Let b(d) = -27*d - 7. What is b(-1)?
20
Let o(a) = a**2 - 7*a + 4. Calculate o(7).
4
Let h(d) = 4*d - 13. Calculate h(-6).
-37
Let m(r) = -2*r - 3. Give m(14).
-31
Let x(j) = -j - 40. Give x(0).
-40
Let t(s) = -10*s - 2. Give t(1).
-12
Let s(w) = 2*w - 38. Give s(7).
-24
Let a(y) = 8*y - 6. Give a(2).
10
Let n(y) = -y**2 + 10*y - 19. Calculate n(4).
5
Let r(z) = -z**3 - 6*z**2 - z - 3. Calculate r(-7).
53
Let a(p) = -p**3 - 18*p**2 - 35*p - 39. Give a(-16).
9
Let r(k) = -k**2 - 6*k - 1. What is r(-6)?
-1
Let j(k) = -67*k - 539. Give j(-8).
-3
Let d(n) = 10*n - 2. Calculate d(-1).
-12
Let i(h) = -h**3 - 4*h**2 - h - 1. Give i(-5).
29
Let j(x) = -x**3 - 7*x**2 - 3*x + 1. Calculate j(-7).
22
Let o(k) = -2*k**2 - 8*k - 5. Calculate o(-3).
1
Let s(c) = -3*c**2 + 38*c + 28. Determine s(13).
15
Let u(s) = 39*s - 232. Give u(6).
2
Let d(m) = m**3 - 4*m**2 - 3*m + 4. Calculate d(-3).
-50
Let s(j) = 30*j + 180. Determine s(-7).
-30
Let f(q) = -q**3 - 6*q**2 + 10*q + 12. Determine f(-7).
-9
Let f(h) = h**3 + 13*h**2 - 5. Calculate f(-13).
-5
Let j(m) = -2*m**3 - 17*m**2 - 9*m - 15. What is j(-8)?
-7
Let q(k) = -k**3 + k**2 - k - 1. Give q(0).
-1
Let n(f) = 2*f - 5. Determine n(4).
3
Let y(j) = -j**3 + 4*j**2 - 2*j + 4. Determine y(4).
-4
Let p(u) = -u**3 - u**2 - 8*u - 35. What is p(-3)?
7
Let k(w) = w**3 - 12*w**2 + 8*w + 5. What is k(11)?
-28
Let c(p) = -8*p - 22. Give c(-4).
10
Let q(l) = -3*l**2 - 10*l - 5. Give q(-4).
-13
Let q(b) = 3*b**3 - 18*b**2 - 6*b + 18. What is q(6)?
-18
Let p(h) = -5*h**3 + h**2 + 2. Give p(-2).
46
Let v(c) = 3*c**2 - 2*c - 2. What is v(-3)?
31
Let w(s) = s**3 - 9*s**2 - 7*s + 71. Calculate w(9).
8
Let n(s) = s**3 + 4*s**2 - 8*s + 7. Give n(0).
7
Let n(l) = l**2 - 26*l + 68. Give n(23).
-1
Let x(r) = -2*r**2 - 24*r - 24. Determine x(-7).
46
Let y(h) = -23*h - 2. Calculate y(-1).
21
Let m(n) = -85*n + 834. Give m(10).
-16
Let k(q) = -5*q + 8. Give k(5).
-17
Let a(j) = -2*j + 16. Give a(11).
-6
Let q(s) = 2*s**2 - 23*s - 44. Determine q(13).
-5
Let q(n) = -n**3 + 6*n**2 + 9*n + 7. What is q(7)?
21
Let n(u) = -u**3 + 12*u**2 - 19*u - 3. Determine n(10).
7
Let x(r) = -r**3 - 11*r**2 - 9*r + 12. Calculate x(-9).
-69
Let b(p) = -2*p**2 - 2*p + 110. Give b(0).
110
Let l(q) = q**3 + 9*q**2 + 8*q + 1. Calculate l(-8).
1
Let h(z) = -z**3 - z - 57. Determine h(0).
-57
Let k(o) = o**3 + 3*o**2 - 3*o + 15. What is k(-5)?
-20
Let r(a) = a**3 + 6*a**2 - 2*a + 2. What is r(-5)?
37
Let h(o) = o**3 - 7*o**2 + 4*o + 2. Calculate h(5).
-28
Let o(i) = -i**3 + 8*i**2 + 13*i - 142. Give o(7).
-2
Let f(p) = p**2 - 9*p - 3. What is f(4)?
-23
Let j(w) = w - 6. Calculate j(3).
-3
Let y(l) = -l**3 - 16*l**2 - 13*l - 21. Give y(-15).
-51
Let d(p) = p**3 + 5*p**2 + 4*p - 1. Calculate d(-3).
5
Let o(y) = y**3 - 18*y**2 + 18*y - 21. Give o(17).
-4
Let y(v) = -4*v**3 + 5*v**2 + v - 7. Determine y(-2).
43
Let f(y) = 17*y + 1. Calculate f(2).
35
Let h(q) = 3*q**3 + 10*q**2 - q - 4. Calculate h(-3).
8
Let u(z) = 12*z - 168. Determine u(14).
0
Let a(w) = w**2 + 4*w - 7. Give a(-5).
-2
Let d(g) = g**3 - 7*g**2 + 13*g - 49. Determine d(6).
-7
Let b(j) = -j**2 + 4*j - 1. Calculate b(2).
3
Let m(b) = 3*b - 18. Give m(6).
0
Let j(o) = -2*o**3 + 11*o**2 + 3*o + 4. Give j(6).
-14
Let d(h) = h**3 + 5*h**2 + 4*h + 11. Calculate d(-4).
11
Let i(k) = -k**3 - 2*k**2 + 3*k + 5. Determine i(-4).
25
Let q(m) = -m**3 - 7*m**2 - 2*m - 13. Determine q(-7).
1
Let c(n) = 7*n - 3. What is c(2)?
11
Let x(m) = 2*m**2 + 14*m - 4. What is x(-9)?
32
Let o(k) = 21*k + 4. What is o(-1)?
-17
Let v(m) = m**3 + 10*m**2 + 24*m - 1. Determine v(-6).
-1
Let s(n) = -n**3 - 6*n**2 + 165*n - 11. What is s(10)?
39
Let a(x) = x**2 - 24*x + 12. What is a(23)?
-11
Let w(l) = 6*l + 59. Determine w(-12).
-13
Let p(t) = t - 4. What is p(0)?
-4
Let o(n) = 15*n - 164. Calculate o(11).
1
Let z(m) = -m**3 + 2*m**2 + 8*m - 9. Give z(4).
-9
Let b(f) = -4*f - 10. Calculate b(0).
-10
Let p(d) = -d**3 + 6*d**2 + 7*d + 5. Determine p(7).
5
Let x(p) = 2*p**3 - 29*p**2 + 11*p + 27. What is x(14)?
-15
Let m(f) = -2*f**2 - f. Determine m(3).
-21
Let a(y) = -y**2 - 8*y. Give a(-7).
7
Let q(w) = -w**3 + w**2 + 3*w + 2. Determine q(2).
4
Let v(d) = -d**3 - 5*d**2 - 2*d + 4. Calculate v(-3).
-8
Let w(j) = j**3 + 32*j**2 - j - 46. Determine w(-32).
-14
Let m(l) = -l + 21. What is m(20)?
1
Let p(j) = -3*j**2 - 45*j - 6. What is p(-15)?
-6
Let s(m) = 6*m + 4. Calculate s(2).
16
Let j(l) = 3*l**2 - 5*l + 13. Give j(5).
63
Let i(l) = 12*l**3 - 2*l**2 + 5*l - 5. What is i(2)?
93
Let a(p) = 98*p + 1. Calculate a(-1).
-97
Let w(a) = 2*a**3 + 39*a**2 - 20*a - 13. Determine w(-20).
-13
Let o(v) = v - 10. Give o(4).
-6
Let p(c) = 21*c - 613. Determine p(29).
-4
Let z(q) = q**3 + 6*q**2 - 2*q - 10. What is z(-6)?
2
Let a(q) = -q**2 - q + 2. Calculate a(2).
-4
Let y(j) = -j - 1. Determine y(2).
-3
Let q(u) = 5*u + 2. Give q(4).
22
Let f(y) = -3*y - 5. Calculate f(11).
-38
Let h(n) = n**3 - 8*n**2 + 6. Give h(7).
-43
Let s(p) = -2*p**2 + 110*p + 113. Give s(56).
1
Let i(w) = w**3 - 13*w**2 - 13*w + 1. Give i(14).
15
Let m(k) = 5*k**2 - 32*k + 16. Give m(6).
4
Let y(q) = 2*q**3 - 3*q + 5. Give y(2).
15
Let b(t) = -8*t + 1. What is b(-1)?
9
Let d(a) = -54*a - 657. Calculate d(-12).
-9
Let t(b) = 3*b - 12. Determine t(5).
3
Let t(q) = 48*q. Calculate t(1).
48
Let b(m) = 39*m**2 + 4*m - 4. Determine b(1).
39
Let p(b) = -3*b + 55. Determine p(18).
1
Let q(t) = t**2 - 7*t + 7. Determine q(5).
-3
Let g(v) = -v**2 + 6*v + 13. Calculate g(11).
-42
Let q(b) = 3*b + 25. Calculate q(0).
25
Let q(b) = b - 19. What is q(12)?
-7
Let f(y) = -y + 6. Calculate f(2).
4
Let h(o) = o**2 - 11*o + 18. What is h(9)?
0
Let v(n) = n**2 + 42*n + 418. Calculate v(-27).
13
Let m(o) = o**2 + 7. Determine m(0).
7
Let v(z) = -5*z**3 - 2*z**2 + 4*z - 5. Determine v(2).
-45
Let o(i) = -i**2 + 13*i + 59. What is o(17)?
-9
Let u(n) = -28*n**3 + n**2 - 2*n. What is u(1)?
-29
Let t(v) = v**2 + 7*v - 2. What is t(-6)?
-8
Let o(b) = -b**3 - 5*b**2 - 4*b. Give o(-2).
-4
Let d(y) = -y**3 + 2*y**2 + 3*y - 3. Give d(3).
-3
Let b(t) = -t + 2. Determine b(-7).
9
Let t(j) = j**2 + 3*j + 5. Determine t(-3).
5
Let c(m) = m**3 - 18*m**2 - 40*m + 1. Give c(20).
1
Let n(m) = -m**2 + 3*m + 3. Calculate n(6).
-15
Let r(g) = -4*g**2 + 19*g + 6. Give r(6).
-24
Let c(n) = n**3 + 2*n**2 + n - 10. Give c(0).
-10
Let f(y) = -2*y - 29. What is f(-25)?
21
Let s(k) = -2*k - 11. Calculate s(-10).
9
Let o(l) = -l**2 - 4*l - 9. Give o(-4).
-9
Let k(s) = s**2 - 30. Give k(0).
-30
Let y(q) = -q**3 + 12*q**2 - 3*q + 4. Give y(12).
-32
Let u(b) = 3*b - 1. Calculate u(7).
20
Let w(c) = 4*c**2 + 6*c - 12. Calculate w(3).
42
Let w(j) = -j**3 - j**2 + 2*j + 8. Determine w(0).
8
Let l(a) = -28*a**2 + 2*a - 2. Calculate l(1).
-28
Let c(i) = i**2 - 2*i - 19. Give c(-6).
29
Let c(d) = d**2 + 27*d + 31. Determine c(-13).
-151
Let r(z) = -z**3 - 20*z**2 - 8*z - 125. Give r(-20).
35
Let z(b) = -b**2 + 4*b + 17. Calculate z(6).
5
Let n(z) = -z**3 - 16*z**2 - 65*z - 22. Give n(-7).
-8
Let o(b) = 5*b - 36. Give